 a factor of 7964724?
True
Is 1761526 a multiple of 722?
False
Does 709 divide 3372713?
True
Does 164 divide 150388?
True
Is 1342 a factor of 34635187?
False
Is 554 a factor of 1308369?
False
Is 1453 a factor of 5089859?
True
Is 16 a factor of 137533?
False
Does 15 divide 23772165?
True
Does 14 divide 1990662?
False
Does 11 divide 7944774?
False
Is 24 a factor of 422448?
True
Is 385 a factor of 6307455?
True
Does 88 divide 143616?
True
Is 353006 a multiple of 55?
False
Is 35 a factor of 113015?
True
Is 90814 even?
True
Does 23 divide 1668443?
True
Does 46 divide 698970?
True
Does 2 divide 81499?
False
Is 5884299 a multiple of 24?
False
Is 34 a factor of 18276360?
True
Does 6 divide 291744?
True
Is 11 a factor of 113344?
True
Does 42 divide 6552894?
False
Does 254 divide 230378?
True
Does 122 divide 52338?
True
Is 338694 a multiple of 12?
False
Is 967201 a multiple of 94?
False
Is 8126516 a multiple of 15?
False
Does 189 divide 448497?
True
Is 14137340 a multiple of 35?
True
Is 237 a factor of 23472954?
True
Does 44 divide 48165?
False
Is 89 a factor of 1298840?
False
Does 68 divide 72396?
False
Does 11 divide 7723749?
True
Is 206 a factor of 262522?
False
Is 92836 a multiple of 6?
False
Is 240661 a multiple of 131?
False
Is 283815 a multiple of 21?
True
Does 91 divide 323476?
False
Is 10477968 a multiple of 24?
True
Is 627 a factor of 5938944?
True
Does 1511 divide 5528749?
True
Is 2 a factor of 5352?
True
Does 16 divide 999968?
True
Does 59 divide 17169?
True
Is 13874934 a multiple of 667?
True
Is 6 a factor of 22218?
True
Is 107848 a multiple of 127?
False
Is 17 a factor of 596646?
False
Is 434 a factor of 486948?
True
Does 964 divide 20383974?
False
Is 11 a factor of 896258?
True
Does 1548 divide 1250784?
True
Is 41652 a multiple of 356?
True
Is 3 a factor of 265399?
False
Is 178089 a multiple of 83?
False
Is 11662992 a multiple of 148?
True
Is 222 a factor of 3134314?
False
Does 12 divide 171156?
True
Is 225 a factor of 1196127?
False
Is 109 a factor of 204048?
True
Does 119 divide 144704?
True
Is 191 a factor of 335014?
True
Is 24 a factor of 1136135?
False
Does 589 divide 3208872?
True
Is 84 a factor of 117090?
False
Is 204 a factor of 381072?
True
Is 202 a factor of 813656?
True
Is 125 a factor of 4455488?
False
Does 22 divide 342118?
False
Is 146 a factor of 80285?
False
Is 800 a factor of 5275200?
True
Is 77 a factor of 1485467?
False
Does 156 divide 667056?
True
Is 4064184 a multiple of 1201?
True
Is 76290 a multiple of 38?
False
Is 10 a factor of 81340?
True
Is 176386 a multiple of 301?
True
Is 190 a factor of 109896?
False
Does 5 divide 3650225?
True
Is 164815 a multiple of 21?
False
Is 51 a factor of 754494?
True
Does 114 divide 362976?
True
Does 28 divide 3509267?
False
Is 299796 a multiple of 42?
True
Is 95298 a multiple of 5?
False
Does 12 divide 190633?
False
Is 454 a factor of 80596?
False
Does 25 divide 12621?
False
Is 260691 a multiple of 2?
False
Does 12 divide 1369464?
True
Is 108545 a multiple of 85?
True
Does 21 divide 10995600?
True
Does 41 divide 713?
False
Is 55 a factor of 2589103?
False
Does 28 divide 307787?
False
Does 83 divide 4488584?
False
Is 208927 a multiple of 102?
False
Is 21 a factor of 18333?
True
Is 175497 a multiple of 15?
False
Is 320234 a multiple of 2?
True
Is 2354560 a multiple of 320?
True
Is 4333499 a multiple of 278?
False
Is 5179696 a multiple of 1755?
False
Is 6847752 a multiple of 24?
True
Does 61 divide 221613?
True
Is 25 a factor of 113504?
False
Is 3677926 a multiple of 7?
True
Is 4204008 a multiple of 9?
True
Does 60 divide 538380?
True
Is 169 a factor of 802673?
False
Is 1170576 a multiple of 16?
True
Does 25 divide 1923001?
False
Is 14619520 a multiple of 77?
False
Is 35448 a multiple of 8?
True
Does 109 divide 1550525?
True
Does 5 divide 9880?
True
Does 61 divide 835725?
False
Is 602680 a multiple of 20?
True
Is 20438 a multiple of 11?
True
Does 70 divide 1371230?
True
Is 20657762 a multiple of 20?
False
Is 36398 a multiple of 26?
False
Is 75870 a multiple of 15?
True
Is 483 a factor of 13602250?
False
Does 59 divide 1120875?
False
Does 25 divide 37100?
True
Is 45 a factor of 46422?
False
Is 157220 a multiple of 5?
True
Is 5136 a multiple of 8?
True
Is 454 a factor of 17858090?
True
Does 6 divide 1260?
True
Does 10 divide 17270?
True
Is 269644 a multiple of 10?
False
Does 41 divide 473119?
False
Does 60 divide 49260?
True
Is 14 a factor of 123396?
True
Is 29 a factor of 17964?
False
Is 15332097 a multiple of 111?
True
Does 680 divide 1326000?
True
Is 109031 a multiple of 3?
False
Does 18 divide 308898?
True
Is 50096 a multiple of 31?
True
Is 135458 a multiple of 89?
True
Is 426 a factor of 3418191?
False
Is 291 a factor of 47433?
True
Is 496 a factor of 2408168?
False
Is 18 a factor of 1079226?
True
Is 411060 a multiple of 663?
True
Is 78130 a multiple of 26?
True
Is 114852 a multiple of 22?
False
Is 5 a factor of 338541?
False
Is 90369 a multiple of 10?
False
Is 254300 a multiple of 10?
True
Does 294 divide 6015828?
True
Does 254 divide 911352?
True
Does 710 divide 11076?
False
Is 23 a factor of 108744?
True
Is 180 a factor of 10222192?
False
Does 308 divide 1325420?
False
Is 1213836 a multiple of 52?
True
Is 24 a factor of 507541?
False
Is 100074 a multiple of 26?
True
Does 293 divide 231470?
True
Is 6 a factor of 3015496?
False
Does 40 divide 287840?
True
Is 166186 a multiple of 16?
False
Is 35875 a multiple of 125?
True
Is 2900306 a multiple of 10?
False
Is 20 a factor of 3596787?
False
Does 25 divide 7186?
False
Does 11 divide 7249?
True
Does 120 divide 2991?
False
Is 1657288 a multiple of 69?
False
Is 143 a factor of 555984?
True
Is 381174 a multiple of 37?
True
Is 272 a factor of 327216?
True
Is 11 a factor of 5143?
False
Does 273 divide 45864?
True
Is 1927695 a multiple of 6?
False
Is 82 a factor of 44526?
True
Is 1054834 a multiple of 1974?
False
Is 33004 a multiple of 3?
False
Does 13 divide 518570?
True
Is 12 a factor of 102541?
False
Is 1453 a multiple of 28?
False
Is 22190 a multiple of 7?
True
Is 9 a factor of 122490?
True
Does 58 divide 254895?
False
Does 103 divide 389526?
False
Does 152 divide 1854?
False
Is 1388304 a multiple of 72?
True
Is 540 a factor of 25454520?
True
Is 15 a factor of 235239?
False
Is 103 a factor of 3308257?
True
Does 27 divide 259845?
False
Is 298 a factor of 1068628?
True
Is 5461 a multiple of 3?
False
Is 85 a factor of 1946892?
False
Does 7 divide 22336?
False
Is 3172637 a multiple of 169?
True
Is 61865 a multiple of 29?
False
Is 30223161 a multiple of 2259?
True
Is 146 a factor of 524150?
False
Is 13 a factor of 704925?
True
Is 197150 a multiple of 25?
True
Is 292 a factor of 105412?
True
Is 3604159 a multiple of 14?
False
Is 832845 a multiple of 3?
True
Does 44 divide 571956?
True
Is 213570 a multiple of 42?
True
Does 26 divide 2944786?
True
Is 1388240 a multiple of 37?
True
Is 22 a factor of 200048?
False
Is 109 a factor of 1165864?
True
Does 28 divide 1337724?
False
Is 71 a factor of 72633?
True
Does 72 divide 135072?
True
Is 31 a factor of 419275?
True
Is 559556 a multiple of 159?
False
Does 72 divide 4864?
False
Is 501 a factor of 32752?
False
Is 429815 a multiple of 53?
False
Is 113 a factor of 12418248?
True
Is 602945 a multiple of 35?
True
Is 184 a factor of 1346609?
False
Does 11 divide 372713?
True
Does 8 divide 2035880?
True
Is 68 a factor of 1673072?
True
Is 36424 a multiple of 58?
True
Is 1003896 a multiple of 18?
True
Is 906 a factor of 2186913?
False
Is 5 a factor of 3098295?
True
Is 254 a factor of 1597510?
False
Is 15 a factor of 865114?
False
Does 151 divide 151604?
True
Does 8 divide 11172112?
True
Does 28 divide 683273?
False
Is 30 a factor of 1912020?
True
Does 3 divide 69442?
False
Is 286943 a multiple of 893?
False
Is 12 a factor of 157656?
True
Is 12 a factor of 1614828?
True
Is 27 a factor of 2012742?
True
Is 35 a factor of 1172839?
False
Is 54 a factor of 67580?
False
Is 13902630 a multiple of 210?
True
Is 14 a factor of 184390?
False
Is 557911 a multiple of 2?
False
Does 202 divide 693971?
False
Is 54684 a multiple of 147?
True
Is 385 a factor of 2526755?
True
Does 3 divide 920?
False
Is 959301 a multiple of 21?
True
Is 226680 a multiple of 21?
False
Does 11 divide 57101?
True
Is 98 a factor of 7986706?
True
Do